{"id":40,"date":"2023-07-01T22:08:59","date_gmt":"2023-07-01T22:08:59","guid":{"rendered":"https:\/\/coopromed.com\/?page_id=40"},"modified":"2023-07-07T18:24:29","modified_gmt":"2023-07-07T18:24:29","slug":"nosotros","status":"publish","type":"page","link":"https:\/\/coopromed.com\/?page_id=40","title":{"rendered":"Nosotros"},"content":{"rendered":"\n<p><strong>\u00bfQuienes somos?<\/strong><\/p>\n\n\n\n<figure class=\"wp-block-image alignright size-large is-resized has-custom-border\"><img fetchpriority=\"high\" decoding=\"async\" src=\"https:\/\/coopromed.com\/wp-content\/uploads\/2023\/07\/reunion-1200x630-1-1024x538.jpg\" alt=\"\" class=\"wp-image-101\" style=\"border-style:none;border-width:0px;border-radius:60px\" width=\"523\" height=\"404\"\/><\/figure>\n\n\n\n<p>Somos una organizaci\u00f3n solidaria de Aporte y Cr\u00e9dito de segundo grado&nbsp; integrada por &nbsp;profesionales de varios sectores econ\u00f3micos&nbsp;de la ciudad de Cartagena &nbsp;, que sirve como instrumento &nbsp;de mejoramiento de las condiciones&nbsp; socioecon\u00f3micas del asociado.<\/p>\n\n\n\n<p>Mediante la unidad podemos generar, la suficiente fuerza y capacidad de negociaci\u00f3n como para establecer una din\u00e1mica de di\u00e1logo entre las entidades prestadoras de servicios en diferentes sectores y los asociados.<\/p>\n\n\n\n<p><strong>Misi\u00f3n<\/strong><\/p>\n\n\n\n<p>Somos una organizaci\u00f3n del sector de la econom\u00eda solidaria, que contribuye a la construcci\u00f3n de un modelo de sociedad solidaria, sostenible y arm\u00f3nico para garantizar una excelente prestaci\u00f3n de servicios de pr\u00e9stamo de apoyo, fomentando la cultura del ahorro, para lograr un mejoramiento econ\u00f3mico, educativo, social y cultural de los asociados&nbsp; y su&nbsp; n\u00facleo familiar mediante el fortalecimiento de una gran Empresa dentro del sector de la econom\u00eda solidaria.<\/p>\n\n\n\n<p><strong>Visi\u00f3n<\/strong><\/p>\n\n\n\n<p>COOPROMED ser\u00e1 en el 2025 reconocida como una&nbsp; Cooperativa&nbsp; Multiactiva&nbsp; l\u00edder &nbsp;en el sector de la econom\u00eda solidaria, en la prestaci\u00f3n integral e innovaci\u00f3n de bienes y servicios , confiable&nbsp; y eficiente a nivel nacional con los est\u00e1ndares de calidad , cuyo mayor reto es el desarrollo integral de los&nbsp; asociados , generando un esquema&nbsp; de gesti\u00f3n cooperativa, democr\u00e1tico y solidario, para garantizar el crecimiento&nbsp; permanente de los asociados&nbsp; como personas, capaces&nbsp; de generar soluciones&nbsp; , que sean competentes&nbsp; y comprometidos , son fundamentos para &nbsp;contribuir&nbsp; a mejorar la calidad de vida de ellos y la de sus familias.<\/p>\n\n\n\n<p><strong>Historia<\/strong><\/p>\n\n\n\n<p>La Cooperativa Multiactiva, COOPROMED, fue concebida como una empresa SOLIDARIA, que est\u00e1 conformada por un grupo de asociados con capacidad laboral, intelectual y valores humanos de las m\u00e1s alta calidad dispuestos a desarrollar los servicios necesarios.<\/p>\n\n\n\n<p>Fue constituida el d\u00eda 14 de diciembre de 2003, y registrada en la C\u00e1mara de Comercio el d\u00eda 9 de Enero de 2004, bajo el n\u00famero 6774 con el nombre de COOPERATIVA PROFESIONAL M\u00c9DICA COOPROMED;&nbsp; el 26 de nov. del 2008 se registro en c\u00e1mara de comercio cambio de raz\u00f3n social&nbsp; en el libro III bajo nombre de COOPERATIVA DE TRABAJO SOCIAL PROFESIONAL M\u00c9DICA, y el 10 de Diciembre de 2008 fue registrado por la Superintendencia de Econom\u00eda solidaria , bajo&nbsp; el No.&nbsp; 00364<\/p>\n\n\n\n<p>Tras la reglamentaci\u00f3n de la ley 1233 del 2008 y del art\u00edculo 63 de la ley 1429&nbsp; del 2010, el decreto&nbsp; 2025 de junio de 2011 dejando la cooperativa sin posibilidad de seguir prestando servicios de Salud a las Instituciones.<\/p>\n\n\n\n<p>A partir de esta fecha&nbsp; y por decisi\u00f3n de la Asamblea General de Asociado del 19 de diciembre de 2014, se tramit\u00f3 ante las Entidades del Estado Correspondientes, y determino el cambio de naturaleza de Cooperativa de Trabajo Asociado a Cooperativa&nbsp;&nbsp; a Multiactiva bajo la denominaci\u00f3n COOPERATIVA&nbsp; MULTIACTIVA COOPROMED.<\/p>\n\n\n\n<p>La cooperativa esta registrada en c\u00e1mara de comercio bajo el n\u00famero 825 el dia\u00a0 30 de enero de 2015, y registrada ante la Superintendencia de Econom\u00eda Solidaria\u00a0 mediante resoluci\u00f3n del 01\/12\/2014.<\/p>\n\n\n\n<figure class=\"wp-block-image size-full is-resized\"><img decoding=\"async\" src=\"https:\/\/coopromed.com\/wp-content\/uploads\/2023\/07\/cropped-logo.png\" alt=\"\" class=\"wp-image-35\" width=\"89\" height=\"89\" srcset=\"https:\/\/coopromed.com\/wp-content\/uploads\/2023\/07\/cropped-logo.png 512w, https:\/\/coopromed.com\/wp-content\/uploads\/2023\/07\/cropped-logo-300x300.png 300w, https:\/\/coopromed.com\/wp-content\/uploads\/2023\/07\/cropped-logo-150x150.png 150w, https:\/\/coopromed.com\/wp-content\/uploads\/2023\/07\/cropped-logo-270x270.png 270w, https:\/\/coopromed.com\/wp-content\/uploads\/2023\/07\/cropped-logo-192x192.png 192w, https:\/\/coopromed.com\/wp-content\/uploads\/2023\/07\/cropped-logo-180x180.png 180w, https:\/\/coopromed.com\/wp-content\/uploads\/2023\/07\/cropped-logo-32x32.png 32w\" sizes=\"(max-width: 89px) 100vw, 89px\" \/><\/figure>\n","protected":false},"excerpt":{"rendered":"<p>\u00bfQuienes somos? Somos una organizaci\u00f3n solidaria de Aporte y Cr\u00e9dito de segundo grado&nbsp; integrada por &nbsp;profesionales de varios sectores econ\u00f3micos&nbsp;de la ciudad de Cartagena &nbsp;, que sirve como instrumento &nbsp;de mejoramiento de las condiciones&nbsp; socioecon\u00f3micas del asociado. Mediante la unidad podemos generar, la suficiente fuerza y capacidad de negociaci\u00f3n como para establecer una din\u00e1mica de [&hellip;]<\/p>\n","protected":false},"author":1,"featured_media":0,"parent":0,"menu_order":0,"comment_status":"closed","ping_status":"closed","template":"","meta":{"footnotes":""},"_links":{"self":[{"href":"https:\/\/coopromed.com\/index.php?rest_route=\/wp\/v2\/pages\/40"}],"collection":[{"href":"https:\/\/coopromed.com\/index.php?rest_route=\/wp\/v2\/pages"}],"about":[{"href":"https:\/\/coopromed.com\/index.php?rest_route=\/wp\/v2\/types\/page"}],"author":[{"embeddable":true,"href":"https:\/\/coopromed.com\/index.php?rest_route=\/wp\/v2\/users\/1"}],"replies":[{"embeddable":true,"href":"https:\/\/coopromed.com\/index.php?rest_route=%2Fwp%2Fv2%2Fcomments&post=40"}],"version-history":[{"count":9,"href":"https:\/\/coopromed.com\/index.php?rest_route=\/wp\/v2\/pages\/40\/revisions"}],"predecessor-version":[{"id":115,"href":"https:\/\/coopromed.com\/index.php?rest_route=\/wp\/v2\/pages\/40\/revisions\/115"}],"wp:attachment":[{"href":"https:\/\/coopromed.com\/index.php?rest_route=%2Fwp%2Fv2%2Fmedia&parent=40"}],"curies":[{"name":"wp","href":"https:\/\/api.w.org\/{rel}","templated":true}]}}